pose i = 4 + 1. Suppose -i*s + 13 = -2*s - 2*a, 5*a = -25. What is d(s)?
-15
Let w = 217 - 210. Suppose -5*g + 10 = -w*b + 4*b, b - 5*g = -20. Let v(r) = -r**3 + 4*r**2 + 5*r + 2. What is v(b)?
2
Let r(b) be the third derivative of 5*b**4/12 + 203*b**3/6 + 8033*b**2. What is r(-19)?
13
Let d(j) = -j**2 + 21*j + 226. Let k = -22905 - -22897. Give d(k).
-6
Let o(j) = -21*j. Suppose 11 - 13 = -p. Let u be 5*9/15 - p. Suppose 2*n - 4*t + 0 = -2, -n - u = -t. Calculate o(n).
21
Let b = -9 + -32. Let s = -36 - b. Let y(m) = -4 - 4 + s - m**2 + 6 + 4*m. What is y(-2)?
-9
Let g(m) = -23*m - 199. Let q(w) = -21*w - 203. Let a(u) = 6*g(u) - 5*q(u). Determine a(-6).
19
Let w(i) = 2 + 61*i - i**3 - 5*i**2 + 58*i - 113*i. Let j be w(-6). Let r(p) = 2 + j + 9*p + p**2 - 2*p + 2. Calculate r(-4).
-6
Suppose -5*n = 3*f - 88, f + 3*n - 7 - 29 = 0. Suppose -5*z - 7 = m, -3*m + 5*z - 2 + f = 0. Let y(c) = -c**3 + 3*c**2 - 5*c + 3. Calculate y(m).
-12
Let q(l) = 13*l**2 - 19*l + 11. Let i be q(3). Let y(x) = 6 - 32*x + i*x - 35*x. Give y(-5).
-14
Let j(p) = -3*p**2 + 40. Let d be j(9). Let z = d - -202. Let a(f) be the second derivative of -5*f**4/4 + f**3/6 + f**2/2 + f. Calculate a(z).
-15
Let m(l) = 2*l**3 + 5*l**2 + 3*l + 4. Suppose -4*o + 179 = 1811. Let w = o + 405. Calculate m(w).
-14
Suppose -12*s - 3961 = -3925. Let p(g) = -g**2 - 5*g - 12. Give p(s).
-6
Let o(u) = 7*u**2 - 7*u - 22. Let s(y) = -5*y**2 + 8*y + 23. Let r(i) = 3*o(i) + 4*s(i). What is r(-4)?
-2
Let v(j) = j**2 - 8*j + 7. Suppose -2*w = -w + 4*d + 13, 10 = 2*w - d. Suppose -k - 9 = -5*k - 5*y, -k - 3*y = w. What is v(k)?
-5
Suppose -2*j = j + 21. Suppose 383 = 8*n + 47. Let r(i) = -5*i - 23 - 23 - i**2 + n. Determine r(j).
-18
Suppose 5*i - 25 = 4*o, -64*o + 5*i = -65*o + 25. Let c(l) be the third derivative of o*l + l**3 - 12*l**2 - 1/24*l**4 + 0. Give c(5).
1
Let h(p) be the third derivative of 3*p**3 + p + 0 - 15*p**2 - 1/24*p**4. Calculate h(13).
5
Let q(a) = 26*a - 322. Let w = -2226 + 2238. Determine q(w).
-10
Let r(b) = -b**2 - 7*b + 1. Suppose -3*f - 7 = -4*l, 12 + 3 = 5*l - 5*f. Let x be (-3)/9*105/(-7). Let q be (l + 4 + -1)*(-8 + x). What is r(q)?
13
Let h(z) = -2*z**2 - 20*z - 14. Let k(c) = -3*c**2 - 27*c - 13. Let f(i) = 4*h(i) - 3*k(i). Calculate f(0).
-17
Suppose -5*n - 3*l = 9, n + 1 - 4 = -3*l. Let o(b) be the first derivative of 3*b + 3/2*b**2 + 4. Give o(n).
-6
Suppose 3*r = -5*j + 45, 0 = j + 200*r - 204*r - 9. Let a(v) = v**2 - 12*v + 3. Determine a(j).
-24
Let l = -4887 - -4880. Let o(y) = 2*y**2 + 6*y - 53. Calculate o(l).
3
Let r(p) = -32*p**2 + 7*p**2 + 5 + 4*p + 0*p + 19*p**2 + 5*p**2. What is r(6)?
-7
Let u(j) be the second derivative of -8*j**3/3 + 7*j**2/2 + 3551*j. Determine u(5).
-73
Let i(s) = 26*s + 8. Let j(t) = 24*t + 9. Let k(g) = 13*i(g) - 14*j(g). Calculate k(21).
20
Let z be (20/3)/(8/24 + 0). Suppose -z*y + 14*y = -60. Let b(h) = h**2 - 10*h - 1. Give b(y).
-1
Let h(j) = -11 - 11*j**2 + 19*j**2 - 3*j**3 + j + 4*j**3. What is h(-8)?
-19
Let g(b) = 3*b**2 - 79*b + 105. Suppose -7 = -v, -5*r = -4*v - 79 - 18. Give g(r).
5
Let u be (18/(-21))/((-2)/(-14)). Let x be 5/(-2)*u/5. Let i(p) = 57*p - 24. Let b(s) = 121*s - 51. Let d(m) = -8*b(m) + 17*i(m). Give d(x).
3
Let j(w) = w - 2. Let x(z) be the second derivative of 5*z**3/6 - 3*z**2/2 + 2*z. Let l(o) = -2*o**3 - o - 2. Let m be l(-1). Let v be x(m). Give j(v).
0
Let h(o) = 297*o**2 + 1 + o + 0 - 295*o**2. Let w be 9 - 13 - -2 - (-1 + 1). What is h(w)?
7
Let j(d) = -11*d**3 - 8 + 10*d**3 + 1 + d + 6*d**2. Let r = 5 - 2. Suppose -r*i = 3*c - 3, 5*i - c - 2*c = 45. Determine j(i).
-1
Suppose -3*v - z + 5*z + 9 = 0, -3*v + 9 = -3*z. Let o(y) = -49*y + 67. Let u(c) = 41*c - 56. Let x(m) = 5*o(m) + 6*u(m). Calculate x(v).
2
Let x(n) = 5 - 2*n - n - 3. Suppose 111*q + 30 = 141. Determine x(q).
-1
Let u = -921 + 940. Let w(y) = y**3 - 19*y**2 + y - 23. Give w(u).
-4
Let o(r) = 38*r**3 + 43*r**2 + 53*r - 15. Let v(z) = -27*z**3 - 29*z**2 - 35*z + 10. Let t(a) = -5*o(a) - 7*v(a). What is t(-10)?
5
Suppose 17*y = -u + 12*y - 8, 4*u - 63 = -y. Let g(n) = 9 + 5 - 11*n + 5 + n**2 + 4*n - u. Calculate g(6).
-4
Let i(j) = j + 129 - 139 + 10*j**2 - 25*j**2 + 14*j**2 + 6*j. What is i(6)?
-4
Let f(w) be the second derivative of -w**6/120 + w**5/30 + 2*w**3/3 - 32*w**2 - 102*w + 2. Let z(o) be the first derivative of f(o). Calculate z(3).
-5
Let c(d) = -d - 1. Let g(h) = 2*h + 17. Let r(s) = 3*c(s) + g(s). Suppose 3*j + 25 = 67. Let u be r(j). Let m(t) = t + 1. Give m(u).
1
Let p(b) = -4*b - 186*b**2 + 191*b**2 + 6*b + 3*b - 3 + 0*b. Determine p(-3).
27
Let h(z) be the third derivative of -31*z**4/24 - 9*z**3 + 30*z**2 + 44*z. Calculate h(-2).
8
Let s(t) be the first derivative of -3*t**2 + 73*t - 918. Calculate s(8).
25
Let s(n) = 2*n**2 + 24*n + 22. Let g be s(-11). Suppose -u - 20 + 22 = g. Let a(c) = -6*c**2 + 4*c**u - 41*c + 45*c + 7. Determine a(5).
-23
Let r be 18/(-81) - (-58)/18. Let o(t) = -2*t**3 + t**2 + 8*t + 5. What is o(r)?
-16
Suppose 6*v = 12*v - 42. Let s be (-2)/(-2)*(0 + 2). Let l(c) = -v + c + c**s + 5*c + 14. What is l(-6)?
7
Let i(j) be the first derivative of -j**5/15 + j**4/24 - 26*j**3/3 - j**2/2 - 23. Let d(p) be the third derivative of i(p). What is d(4)?
-31
Let d(v) be the first derivative of 0*v + 1 + 1/2*v**2 + 1/4*v**4 + 0*v**3. Let h(m) = 2*m**3 + 10*m**2 - 224*m - 673. Let k be h(-12). Calculate d(k).
-2
Let w be (-2)/14 - (-4953)/273. Let j(k) = k**2 - 20*k + 37. Calculate j(w).
1
Let w = 460 - 313. Let c = w - 102. Let k(d) = -c*d - 8 + 46*d - 3. Give k(6).
-5
Let r(l) = 9*l**3 + 7*l**2 - 7*l + 3. Let y(i) = -i**3 - i**2 + i + 1. Let d(z) = -r(z) - 8*y(z). Let g(n) = n**2 - 4. Let t be g(-2). Determine d(t).
-11
Let m = -9279 + 9276. Let n(f) = 2*f**3 + 5*f**2 + f - 2. Let s(b) = 6*b**3 + 15*b**2 + 4*b - 6. Let o(k) = 11*n(k) - 4*s(k). What is o(m)?
26
Suppose -t + 10 = -4. Let h(f) = -199*f**2 + 39*f + 40. Let k(q) = 57*q**2 - 13*q - 14. Let b(v) = -2*h(v) - 7*k(v). Give b(t).
4
Let n(h) = -3*h**2 + 139*h + 89. Let q be n(47). Let a(o) = -o**3 - 3*o**2 + 7*o + 4. Let r(j) = j**2 + j + 1. Let f(v) = a(v) - 2*r(v). Give f(q).
-23
Let v(y) = -2 - 9*y + 3 + 6*y - y**2. Suppose 8*o + 4 = 10*o. What is v(o)?
-9
Let k(p) be the third derivative of 0 + 1/24*p**4 + 0*p - 1/120*p**6 + 0*p**3 + 66*p**2 - 1/20*p**5. Calculate k(-3).
-3
Let q be 1/6 + (-9875)/(-150). Let j = q + -68. Let d(l) = -l**3 - 2*l**2 - 2*l - 2. What is d(j)?
2
Let a(m) = -9*m - 76. Let l = -4553 - -4545. Determine a(l).
-4
Let i = -329 - -323. Let f = 17 + -18. Let c(l) = -l + 1. Let j(s) = 2*s - 1. Let m(o) = f*j(o) - c(o). What is m(i)?
6
Let a(n) be the third derivative of n**6/120 + n**5/15 + n**4/24 + n**3/6 - 2*n**2. Let b = 235 + -233. Suppose -6 = 2*h + b*u, 2*h + 3 = u - 3. Give a(h).
7
Let u(g) be the second derivative of 3*g - 69*g - 13*g**3 + 23*g**3 - 12*g**3. Give u(1).
-12
Let p be -24*(-5 + (-184)/(-32)). Let a(d) = -381*d + 2 + 380*d - 16. Give a(p).
4
Let y(k) be the first derivative of -2 - 2*k - 1/2*k**4 + 1/2*k**2 + 1/3*k**3. Let n = 432540 + -432538. What is y(n)?
-12
Suppose -279*s - 46*s + 799 - 149 = 0. Let j(r) = 3*r**2 + 8*r - 1. Calculate j(s).
27
Suppose 3*i - 24 = -0. Let f(s) = -28 - 32 - 31 + 114 - 34 + s. What is f(i)?
-3
Suppose -74*u - 813 = -221. Let w(f) = f**2 + 12*f - 1. What is w(u)?
-33
Suppose -7*j - 110 = -4*j - 5*s, -69 = 2*j + s. Let v(h) = -h**2 - 32*h + 92. Give v(j).
-13
Let j(w) = -w**3 + w**2 - w + 1. Suppose i = -4*i - 10. Let r(y) = 3*y**3 - 5*y**2 - 55 - y + 49 + 0*y**2 + 0*y**2. Let l(v) = i*j(v) - r(v). Determine l(4).
0
Suppose -2*p + 9 = 5. Let t(z) = -2211*z**2 - 3*z + 1105*z**p + 1105*z**2. Calculate t(3).
-18
Let y(v) = 2*v**2 - 72*v + 11. Let d(i) = -i**2 + 33*i - 4. Let j(q) = -7*d(q) - 3*y(q). Give j(17).
29
Let k be (294/(-245))/((-2)/5). Let g(c) = -1 - 4*c + k - 14*c + 14*c. Determine g(-3).
14
Let v(y) = -7*y + 5. Suppose 1560 = 7*o + 6*o. Let k = 125 - o. Suppose 4*n - 21 = k*h - 1, 3*n + 4*h = 15. Give v(n).
-30
Let l(h) = h**3 + 2*h**2 - 3*h - 4. Let d = -46 - -33. Let n = d + 10. Give l(n).
-4
Let c = -72 - -133. Let f(z) = -1 - c*z + 233*z - 57*z - 55*z - 59*z. What is f(17)?
16
Let q(x) = -x**3 + 13*x**2 - 12*x + 4. Suppose 3*p - 9*m = -11*m + 1